ors of p?
2, 67
Let h(w) = -2*w**3 + 18*w**2 + 30 + 9*w - 7 + w**3 + 2. Let m(q) = -q**3 + 2*q**2 + 9*q + 14. Let i be m(4). What are the prime factors of h(i)?
11, 17
Let t(x) = 36*x + 60 - 45*x - 22*x. List the prime factors of t(-7).
277
Suppose p - 310 - 3587 = 2688. List the prime factors of p.
3, 5, 439
Let u = 1137 + 4162. What are the prime factors of u?
7, 757
Let x(b) = 321*b**3 + 2*b**2 - 2. Suppose 4*l = 4*v - 20, -3*v + 21 = -5*l - 2. List the prime factors of x(v).
3, 107
Let p(t) = 3*t**2 - 21*t + 2. Let o be p(7). Suppose -o = -2*k, 0 = -w + 8*k - 5*k - 128. Let j = w - -150. List the prime factors of j.
5
Let h = -32580 + 53658. What are the prime factors of h?
2, 3, 1171
Let x(q) = 2098*q**3 + 21*q**2 - 20*q - 2. What are the prime factors of x(1)?
3, 233
Suppose -8*w - 6 = -7*w. Let v = w - -4. What are the prime factors of 138 + v/(-4)*8?
2, 71
Let k(f) = 6*f - 62. Let r be k(11). Suppose -4*l - r*y = -2412, 0 = -2*l + 2*y - 298 + 1508. What are the prime factors of l?
2, 151
Let x(c) = 6*c**3 - 10*c**2 - 24*c + 91. List the prime factors of x(12).
8731
Suppose 2*g - 16570 = 3*k, 5*g - 41425 = -129*k + 131*k. List the prime factors of g.
5, 1657
Let v(s) = -s**3 - 6*s**2 + 7*s + 24. Let x be v(-6). What are the prime factors of (-3228)/x*12/4?
2, 269
Suppose -18*y + 88 + 20 = 0. What are the prime factors of y/(-9)*(-1)/(5/690)?
2, 23
Let t = -2420 + 6406. List the prime factors of t.
2, 1993
What are the prime factors of (-277743)/(-27) - (-18)/81?
3, 127
Suppose -3*o = 3*z - 6*o - 159810, 2*o = 0. List the prime factors of z.
2, 5, 7, 761
Suppose 168 = 7*k - 1302. What are the prime factors of (0 - -3) + k + -4?
11, 19
Let s(t) = -t**2 + 9*t + 10. Let u be s(8). Let z = u + -26. List the prime factors of ((-212)/z)/(1/2).
53
Suppose -4*h = -3*h - 4. Let b = -36 - -61. Suppose h*i - b - 255 = 0. What are the prime factors of i?
2, 5, 7
Suppose -2*f + 129 = 5*n, -n - 3*f + 3 + 15 = 0. Let j be 10/4*(n - (3 - 2)). Let s = -39 + j. List the prime factors of s.
2, 13
Suppose 3*l - 18 = -4*i + i, 2*i + 12 = 4*l. Suppose 2*b + 3*m = b - 23, 0 = m - i. Let p = 17 - b. What are the prime factors of p?
2, 23
Suppose 22*k = -29*k - 1224. List the prime factors of k/4*418/(-4).
3, 11, 19
Let a = -16637 - -28353. What are the prime factors of a?
2, 29, 101
Suppose 8*s - 10 = 6. What are the prime factors of 1/s + (-2331)/(-14) + 0?
167
Suppose 26522 = -6*f + k + 103501, 3*f - 38495 = -5*k. List the prime factors of f.
2, 5, 1283
List the prime factors of (-6930)/4*(1 + 0 + 18/(-10)).
2, 3, 7, 11
Let a = 32394 - 16498. List the prime factors of a.
2, 1987
Let v(r) be the third derivative of 0*r + 26*r**2 - 2/3*r**4 + 0 - 19/3*r**3. List the prime factors of v(-13).
2, 5, 17
Let c(r) = -113*r**3 - 11*r**2 - 84*r - 426. What are the prime factors of c(-5)?
2, 3461
Suppose 3*b = -4*c + 22956 + 3948, -5*b + 44886 = -c. List the prime factors of b.
2, 3, 11, 17
Let n be (1 - 319) + (-9 + 21)/(-3). Let t = 612 + n. What are the prime factors of t?
2, 5, 29
Let z(x) = -261*x**3 + 24*x**2 - 11*x - 16. Let q(s) = 130*s**3 - 13*s**2 + 6*s + 8. Let j(t) = 11*q(t) + 6*z(t). List the prime factors of j(-2).
2, 271
Let n(w) = -481*w + 20. Let y be n(-12). Suppose -4627 = -4*v - 3*o, -5*v - o + y = -0*o. List the prime factors of v.
19, 61
Let u be (1 + 40/(-4))/(-1). Let h = 120 - u. What are the prime factors of 3 - h/(-5 + 4)?
2, 3, 19
Suppose 5*q = -3*z + 145390, -3*q = -5*z - 52837 - 34363. What are the prime factors of q?
5, 1163
Suppose 0 = 5*s + 5*p + 10, 4*p + 24 = 4. Suppose -s*l + 9 = -0*l. Suppose 0 = -l*j - j + 124. List the prime factors of j.
31
Suppose 0 = 24*y - 23*y - 1536. Suppose 7*p - c - y = 2*p, -c = 4*p - 1227. Suppose 21 = -4*w + 3*j + 262, -2*j = 5*w - p. List the prime factors of w.
61
Suppose -o - 4 = 0, -4*w + 0*o + 280 = -o. Let d = w - 65. Suppose 5*l + 71 = a + 2*l, 0 = 4*l - d. List the prime factors of a.
2, 37
Suppose 2*y = 1 + 1. Let b be 8/(-12)*y*-6. Suppose 19 + 57 = b*r. What are the prime factors of r?
19
Let l(m) = -5*m**3 - 7*m**2 + 2*m - 6. Suppose -2*t - 2*b + 4*b + 2 = 0, 3*t + 1 = 2*b. List the prime factors of l(t).
2, 3, 5
Let n be (-6)/4*13/(104/(-16)). Suppose 4*y + 143 = 3*p - 65, -n*p = 4*y - 200. List the prime factors of p.
2, 17
Let z = -48 - -88. Let v = -36 + z. Suppose 0 = -4*j, 0 = -a + v*a + 4*j - 15. What are the prime factors of a?
5
Let z(o) = 25*o**3 + 39*o**2 + 98*o - 33. Let l(a) = -17*a**3 - 26*a**2 - 65*a + 21. Let w(r) = 8*l(r) + 5*z(r). What are the prime factors of w(-5)?
3, 401
What are the prime factors of 28/(-12) - 94976/(-42)?
3, 251
What are the prime factors of (-207672)/(-20) + (-30)/(-75)?
2, 11, 59
Let q = 27 - 26. Let c be (20/(-50))/(q/25). List the prime factors of (-2)/(4/274)*(-11 - c).
137
What are the prime factors of 4210590/76*(-2)/(-3)?
5, 83, 89
Let z(t) be the second derivative of 104*t**3/3 + 15*t**2 + 31*t + 1. List the prime factors of z(4).
2, 431
Let s(y) = -15100*y - 2576. What are the prime factors of s(-3)?
2, 11, 971
Let v = 20909 + -9230. List the prime factors of v.
3, 17, 229
Let w = 2 + -43. Let z = -17 - 16. Let d = z - w. List the prime factors of d.
2
Let c be ((-4)/3 - -2)*18/4. Suppose 15 = h - 4*s, c*h - 12 = -0*s + s. Suppose 256 = -h*t + 5*t. What are the prime factors of t?
2
Let h = 8106 + -5174. What are the prime factors of h?
2, 733
Let f(k) = 11*k + 22*k**2 + 6 - 11*k**2 - 12*k**2 - 2*k**3 - 4*k. What are the prime factors of f(-2)?
2
Let o(a) = -a**3 + 19*a**2 - 18*a - 2. Let l be o(18). Let q be (-41)/l - 3/(-6). Suppose -9 = -3*c, 4*f = -c - 6 + q. List the prime factors of f.
3
Suppose 10 = 9*v + 10. Suppose -3*p = -v*p + 4*r + 2, 0 = -p + 3*r + 21. Suppose 0 = p*j + j - 1330. What are the prime factors of j?
2, 5, 19
Let y = -330 + 639. Let m = y + -190. Suppose 0 = -13*b + 6*b + m. List the prime factors of b.
17
Let j(k) = -5*k + 2 + 46 - 9*k + 14. What are the prime factors of j(-19)?
2, 41
Let f = 24 + 69. Let v = f - -28. List the prime factors of 10670/v + 4/(-22).
2, 11
Suppose -z - 18 = -17, -2*y - 2*z = -1380. Let n = 2081 - y. What are the prime factors of n?
2, 5, 139
Suppose 0 = 2*t + 2, 0 = a + 10*t - 5*t - 3684. List the prime factors of a.
7, 17, 31
Let a = 156786 + -107575. What are the prime factors of a?
49211
Let g = -32051 + 15321. What are the prime factors of 3/((-7)/(g/15))?
2, 239
Suppose -5*l + 10358 = f - 6584, l - 3 = 0. What are the prime factors of f?
16927
List the prime factors of (-94984)/(-36) - (-132)/(-297).
2, 1319
Let g(w) = -2636*w - 7496. What are the prime factors of g(-11)?
2, 5, 43
Suppose -c = -n - 14, -2 = -0*c - c - 5*n. Let v be c*(645/12*1 + -1). Suppose -4*x - 304 = -2*h, 37 = -4*h - 4*x + v. List the prime factors of h.
2, 3, 5
Let z(m) = -30*m**2 - 2*m + 3. Let l be z(2). Let v = l - -33. Let g = v + 92. What are the prime factors of g?
2
Let q = -23476 - -41783. What are the prime factors of q?
18307
Suppose 0 = -2*x + 61 + 1. Let a = -26 + x. Suppose -4*r = a*k - 195, 3*k - 2*k + 225 = 4*r. List the prime factors of r.
5, 11
Let i = -9 + 4. What are the prime factors of i + 5 + 386 + -6?
2, 5, 19
Let d be ((-4)/(4/(-23)))/1. Let l = -23 + d. Let i(k) = k**3 + 2*k**2 + 2*k + 10. What are the prime factors of i(l)?
2, 5
Let d be 2/(-7) - 1822/(-7). Let z = 536 - d. List the prime factors of z.
2, 3, 23
Let s(d) = 104*d - 128. Let w be s(25). Suppose -w = 7*z - 15*z. List the prime factors of z.
3, 103
Suppose -2*a + 10 = 2*v, -v = 4*v + 2*a - 16. Let p be 1*(2 - (v + 1)). What are the prime factors of (-956)/(-12) + p*(-4)/12?
2, 5
Suppose 4*k = 3*n - 1138, -3*k = -5*k + 3*n - 566. Let a = k + 802. List the prime factors of a.
2, 3, 43
List the prime factors of (33 - 32)/((-60351)/301780 - (-1)/5).
2, 79, 191
Let s(z) = -z**3 + 8*z**2 + 7*z + 7. Let i be s(9). Let t(m) = m**2 + 10*m - 15. Let w be t(i). Let a(l) = -l**3 + l**2 + l + 7. List the prime factors of a(w).
83
Suppose -11*s + 104 = -28. Suppose 4*p + s = 0, -x = x + 5*p - 1189. What are the prime factors of x?
2, 7, 43
Let j = -316 - -316. Suppose o = s - 123, -4*s + 500 = -j*o + 4*o. List the prime factors of s.
2, 31
Suppose 90 = -21*w + 12*w. List the prime factors of ((-56)/(-10))/(w/(-375)).
2, 3, 5, 7
Suppo